062955?
3
What is the thousands digit of 309573800?
3
What is the hundred thousands digit of 1316796612?
7
What is the ten thousands digit of 4582225150?
2
What is the ten millions digit of 84527007?
8
What is the units digit of 6869573985?
5
What is the millions digit of 77260182?
7
What is the ten millions digit of 757560449?
5
What is the hundred thousands digit of 48281047?
2
What is the hundred millions digit of 683282117?
6
What is the tens digit of 215740595?
9
What is the ten millions digit of 3346889926?
4
What is the thousands digit of 3505770698?
0
What is the ten millions digit of 76507221?
7
What is the thousands digit of 158587334?
7
What is the thousands digit of 470168474?
8
What is the ten millions digit of 704078876?
0
What is the hundred millions digit of 1033061046?
0
What is the millions digit of 1890001069?
0
What is the ten millions digit of 78008138?
7
What is the hundred millions digit of 1145433514?
1
What is the thousands digit of 1146869905?
9
What is the hundreds digit of 519381744?
7
What is the ten thousands digit of 180900165?
0
What is the millions digit of 1611572814?
1
What is the hundreds digit of 3823162762?
7
What is the hundreds digit of 500670390?
3
What is the millions digit of 24254584?
4
What is the units digit of 137708297?
7
What is the hundred thousands digit of 490116053?
1
What is the millions digit of 492164406?
2
What is the units digit of 3007235425?
5
What is the ten millions digit of 9267259467?
6
What is the billions digit of 3036859193?
3
What is the hundred millions digit of 276492103?
2
What is the hundreds digit of 336186391?
3
What is the ten thousands digit of 331202336?
0
What is the ten thousands digit of 31968800?
6
What is the ten thousands digit of 2224453965?
5
What is the units digit of 27193271?
1
What is the tens digit of 116949353?
5
What is the ten millions digit of 1212423724?
1
What is the hundreds digit of 1308901584?
5
What is the hundred millions digit of 413820580?
4
What is the ten millions digit of 248848214?
4
What is the hundreds digit of 318663403?
4
What is the hundreds digit of 464717892?
8
What is the millions digit of 205821013?
5
What is the units digit of 1644125182?
2
What is the hundred thousands digit of 265893213?
8
What is the ten millions digit of 111837162?
1
What is the millions digit of 118324857?
8
What is the hundreds digit of 3279213435?
4
What is the ten millions digit of 441815378?
4
What is the ten millions digit of 44327677?
4
What is the tens digit of 3384436773?
7
What is the billions digit of 6711983967?
6
What is the units digit of 5222534688?
8
What is the millions digit of 41541462?
1
What is the hundreds digit of 89904352?
3
What is the hundred millions digit of 279347006?
2
What is the ten thousands digit of 33531532?
3
What is the ten thousands digit of 2504722123?
2
What is the ten thousands digit of 925789681?
8
What is the hundred thousands digit of 4564113023?
1
What is the millions digit of 32046747?
2
What is the tens digit of 108241671?
7
What is the ten millions digit of 3872700562?
7
What is the hundreds digit of 1868119970?
9
What is the hundreds digit of 1001531914?
9
What is the thousands digit of 8746930?
6
What is the hundred millions digit of 1631229568?
6
What is the billions digit of 2429247117?
2
What is the ten thousands digit of 876973317?
7
What is the ten thousands digit of 120140400?
4
What is the hundred thousands digit of 567866784?
8
What is the hundred thousands digit of 2236029509?
0
What is the hundreds digit of 67231135?
1
What is the tens digit of 2371219709?
0
What is the hundred thousands digit of 13529489?
5
What is the hundred thousands digit of 2172084249?
0
What is the units digit of 332496577?
7
What is the tens digit of 303743180?
8
What is the millions digit of 256919187?
6
What is the hundreds digit of 90238799?
7
What is the hundred thousands digit of 44806425?
8
What is the ten thousands digit of 2758645525?
4
What is the ten millions digit of 281745900?
8
What is the units digit of 433548198?
8
What is the millions digit of 244807549?
4
What is the ten thousands digit of 92918974?
1
What is the hundreds digit of 7726053583?
5
What is the ten millions digit of 25120013?
2
What is the hundred millions digit of 535912224?
5
What is the hundred thousands digit of 293315201?
3
What is the ten millions digit of 3471058743?
7
What is the units digit of 300650500?
0
What is the hundreds digit of 132655173?
1
What is the hundreds digit of 84076790?
7
What is the hundreds digit of 33500154?
1
What is the thousands digit of 174214244?
4
What is the hundred millions digit of 6662557981?
6
What is the ten thousands digit of 2362059029?
5
What is the hundred millions digit of 1345929555?
3
What is the hundreds digit of 16663839?
8
What is the tens digit of 119803926?
2
What is the millions digit of 180839315?
0
What is the ten thousands digit of 30756699?
5
What is the units digit of 77232650?
0
What is the ten millions digit of 330324847?
3
What is the tens digit of 340066256?
5
What is the ten thousands digit of 35674577?
7
What is the tens digit of 533980102?
0
What is the thousands digit of 2098155605?
5
What is the hundred thousands digit of 20902121?
9
What is the tens digit of 9741075?
7
What is the thousands digit of 883617132?
7
What is the millions digit of 737706275?
7
What is the hundred millions digit of 150701062?
1
What is the ten millions digit of 210875698?
1
What is the hundreds digit of 139639567?
5
What is the thousands digit of 2656105842?
5
What is the ten millions digit of 1331750941?
3
What is the hundred thousands digit of 58294097?
2
What is the millions digit of 186216182?
6
What is the tens digit of 26557753?
5
What is the millions digit of 637676426?
7
What is the ten thousands digit of 11631687?
3
What is the ten millions digit of 3291210370?
9
What is the ten thousands digit of 74840802?
4
What is the ten millions digit of 230667141?
3
What is the ten millions digit of 206781019?
0
What is the hundred thousands digit of 1025205525?
2
What is the ten thousands digit of 41066145?
6
What is the ten thousands digit of 17358106?
5
What is the ten millions digit of 42529822?
4
What is the hundreds digit of 158790444?
4
What is the tens digit of 163496323?
2
What is the tens digit of 33547018?
1
What is the ten thousands digit of 168717550?
1
What is the hundred thousands digit of 8414902?
4
What is the hundred thousands digit of 87808431?
8
What is the millions digit of 405777527?
5
What is the units digit of 1956909870?
0
What is the millions digit of 164064340?
4
What is the hundred millions digit of 813168124?
8
What is the hundreds digit of 6560686955?
9
What is the units digit of 766373641?
1
What is the units digit of 6353821637?
7
What is the hundred thousands digit of 58660430?
6
What is the hundred millions digit of 844141547?
8
What is the ten millions digit of 2127060533?
2
What is the ten millions digit of 1760289734?
6
What is the units digit of 127383095?
5
What is the hundreds digit of 3083411815?
8
What is the units digit of 63972955?
5
What is the ten thousands digit of 1520272?
2
What is the millions digit of 313138193?
3
What is the ten thousands digit of 8494807516?
0
What is the hundreds digit of 933383951?
9
What is the thousands digit of 31319999?
9
What is the tens digit of 4613892?
9
What is the thousands digit of 2278836322?
6
What is the hundreds digit of 5298433615?
6
What is the thousands digit of 342637598?
7
What is the thousands digit of 968819071?
9
What is the hundred millions digit of 4633703594?
6
What is the units digit of 483250488?
8
What is the millions digit of 1385244820?
5
What is the ten millions digit of 765827487?
6
What is the hundreds digit of 21706151?
1
What is the millions digit of 45113478?
5
What is the units digit of 85231233?
3
What is the units digit of 58209910?
0
What is the ten millions digit of 674191405?
7
What is the millions digit of 180445446?
0
What is the tens digit of 214676669?
6
What is the ten thousands digit of 107328337?
2
What is the units digit of 652724471?
1
What is the hundred millions digit of 166687557?
1
What is the hundred thousands digit of 181435131?
4
What is the millions digit of 159553497?